{"id":63,"date":"2015-05-26T14:36:18","date_gmt":"2015-05-26T13:36:18","guid":{"rendered":"https:\/\/groupevocalcrescendo.wordpress.com\/?page_id=63"},"modified":"2019-05-04T20:11:42","modified_gmt":"2019-05-04T18:11:42","slug":"fan-des-annees-80","status":"publish","type":"page","link":"https:\/\/groupe-vocal-crescendo.fr\/?page_id=63","title":{"rendered":"Fan des ann\u00e9es 80"},"content":{"rendered":"<p><strong>Spectacle \u00ab&nbsp;Fan des ann\u00e9es 80&nbsp;\u00bb<\/strong><\/p>\n<p>Ce spectacle invitait les spectateurs \u00e0 participer \u00e0 l\u2019enregistrement d\u2019une \u00e9mission de vari\u00e9t\u00e9 des ann\u00e9es 80. Il ne manquait rien pour que l\u2019illusion soit parfaite&nbsp;: il y a les cam\u00e9ramans, les pr\u00e9sentateurs, le chauffeur de salle\u2026. Et c\u2019\u00e9tait parti pour un show de 2h&nbsp;!<\/p>\n<p>&nbsp;<\/p>\n<p><a href=\"https:\/\/groupevocalcrescendo.files.wordpress.com\/2015\/05\/14062014-_dsc7662-e1432568671196.jpg\"><img loading=\"lazy\" decoding=\"async\" class=\"alignnone size-full wp-image-15\" src=\"https:\/\/groupevocalcrescendo.files.wordpress.com\/2015\/05\/14062014-_dsc7662-e1432568671196.jpg\" alt=\"14062014-_DSC7662\" width=\"750\" height=\"380\"><\/a><\/p>\n<p>&nbsp;<\/p>\n<!-- index.php -->\n<div\n\tclass=\"ngg-galleryoverview ngg-ajax-pagination-none\"\n\tid=\"ngg-gallery-2a665d854c1c4c2da78133c27e552b1d-1\">\n\n    \t<div class=\"slideshowlink\">\n        <a href='https:\/\/groupe-vocal-crescendo.fr\/index.php\/nggallery\/slideshow?page_id=63'>&#091;Montrer sous forme de diaporama&#093;<\/a>\n\t\t\n\t<\/div>\n\t\t\t<!-- Thumbnails -->\n\t\t\t\t<div id=\"ngg-image-0\" class=\"ngg-gallery-thumbnail-box\" >\n\t\t\t\t        <div class=\"ngg-gallery-thumbnail\">\n            <a href=\"https:\/\/groupe-vocal-crescendo.fr\/wp-content\/gallery\/fandesannees80\/14062014-_dsc7926-e1432565866523.jpg\"\n               title=\"\"\n               data-src=\"https:\/\/groupe-vocal-crescendo.fr\/wp-content\/gallery\/fandesannees80\/14062014-_dsc7926-e1432565866523.jpg\"\n               data-thumbnail=\"https:\/\/groupe-vocal-crescendo.fr\/wp-content\/gallery\/fandesannees80\/thumbs\/thumbs_14062014-_dsc7926-e1432565866523.jpg\"\n               data-image-id=\"81\"\n               data-title=\"14062014-_dsc7926-e1432565866523\"\n               data-description=\"\"\n               data-image-slug=\"14062014-_dsc7926-e1432565866523-1\"\n               class=\"ngg-fancybox\" rel=\"2a665d854c1c4c2da78133c27e552b1d\">\n                <img\n                    title=\"14062014-_dsc7926-e1432565866523\"\n                    alt=\"14062014-_dsc7926-e1432565866523\"\n                    src=\"https:\/\/groupe-vocal-crescendo.fr\/wp-content\/gallery\/fandesannees80\/thumbs\/thumbs_14062014-_dsc7926-e1432565866523.jpg\"\n                    width=\"240\"\n                    height=\"160\"\n                    style=\"max-width:100%;\"\n                \/>\n            <\/a>\n        <\/div>\n\t\t\t\t\t\t\t<\/div> \n\t\t\t\n        \n\t\t\t\t<div id=\"ngg-image-1\" class=\"ngg-gallery-thumbnail-box\" >\n\t\t\t\t        <div class=\"ngg-gallery-thumbnail\">\n            <a href=\"https:\/\/groupe-vocal-crescendo.fr\/wp-content\/gallery\/fandesannees80\/14062014-_dsc7714-e1432565846295.jpg\"\n               title=\"\"\n               data-src=\"https:\/\/groupe-vocal-crescendo.fr\/wp-content\/gallery\/fandesannees80\/14062014-_dsc7714-e1432565846295.jpg\"\n               data-thumbnail=\"https:\/\/groupe-vocal-crescendo.fr\/wp-content\/gallery\/fandesannees80\/thumbs\/thumbs_14062014-_dsc7714-e1432565846295.jpg\"\n               data-image-id=\"82\"\n               data-title=\"14062014-_dsc7714-e1432565846295\"\n               data-description=\"\"\n               data-image-slug=\"14062014-_dsc7714-e1432565846295-1\"\n               class=\"ngg-fancybox\" rel=\"2a665d854c1c4c2da78133c27e552b1d\">\n                <img\n                    title=\"14062014-_dsc7714-e1432565846295\"\n                    alt=\"14062014-_dsc7714-e1432565846295\"\n                    src=\"https:\/\/groupe-vocal-crescendo.fr\/wp-content\/gallery\/fandesannees80\/thumbs\/thumbs_14062014-_dsc7714-e1432565846295.jpg\"\n                    width=\"240\"\n                    height=\"160\"\n                    style=\"max-width:100%;\"\n                \/>\n            <\/a>\n        <\/div>\n\t\t\t\t\t\t\t<\/div> \n\t\t\t\n        \n\t\t\t\t<div id=\"ngg-image-2\" class=\"ngg-gallery-thumbnail-box\" >\n\t\t\t\t        <div class=\"ngg-gallery-thumbnail\">\n            <a href=\"https:\/\/groupe-vocal-crescendo.fr\/wp-content\/gallery\/fandesannees80\/14062014-_dsc7662-e1432568671196.jpg\"\n               title=\"\"\n               data-src=\"https:\/\/groupe-vocal-crescendo.fr\/wp-content\/gallery\/fandesannees80\/14062014-_dsc7662-e1432568671196.jpg\"\n               data-thumbnail=\"https:\/\/groupe-vocal-crescendo.fr\/wp-content\/gallery\/fandesannees80\/thumbs\/thumbs_14062014-_dsc7662-e1432568671196.jpg\"\n               data-image-id=\"83\"\n               data-title=\"14062014-_dsc7662-e1432568671196\"\n               data-description=\"\"\n               data-image-slug=\"14062014-_dsc7662-e1432568671196-1\"\n               class=\"ngg-fancybox\" rel=\"2a665d854c1c4c2da78133c27e552b1d\">\n                <img\n                    title=\"14062014-_dsc7662-e1432568671196\"\n                    alt=\"14062014-_dsc7662-e1432568671196\"\n                    src=\"https:\/\/groupe-vocal-crescendo.fr\/wp-content\/gallery\/fandesannees80\/thumbs\/thumbs_14062014-_dsc7662-e1432568671196.jpg\"\n                    width=\"240\"\n                    height=\"160\"\n                    style=\"max-width:100%;\"\n                \/>\n            <\/a>\n        <\/div>\n\t\t\t\t\t\t\t<\/div> \n\t\t\t\n        \n\t\t\t\t<div id=\"ngg-image-3\" class=\"ngg-gallery-thumbnail-box\" >\n\t\t\t\t        <div class=\"ngg-gallery-thumbnail\">\n            <a href=\"https:\/\/groupe-vocal-crescendo.fr\/wp-content\/gallery\/fandesannees80\/14062014-_dsc7673-e1432570402203.jpg\"\n               title=\"\"\n               data-src=\"https:\/\/groupe-vocal-crescendo.fr\/wp-content\/gallery\/fandesannees80\/14062014-_dsc7673-e1432570402203.jpg\"\n               data-thumbnail=\"https:\/\/groupe-vocal-crescendo.fr\/wp-content\/gallery\/fandesannees80\/thumbs\/thumbs_14062014-_dsc7673-e1432570402203.jpg\"\n               data-image-id=\"84\"\n               data-title=\"14062014-_dsc7673-e1432570402203\"\n               data-description=\"\"\n               data-image-slug=\"14062014-_dsc7673-e1432570402203-1\"\n               class=\"ngg-fancybox\" rel=\"2a665d854c1c4c2da78133c27e552b1d\">\n                <img\n                    title=\"14062014-_dsc7673-e1432570402203\"\n                    alt=\"14062014-_dsc7673-e1432570402203\"\n                    src=\"https:\/\/groupe-vocal-crescendo.fr\/wp-content\/gallery\/fandesannees80\/thumbs\/thumbs_14062014-_dsc7673-e1432570402203.jpg\"\n                    width=\"240\"\n                    height=\"160\"\n                    style=\"max-width:100%;\"\n                \/>\n            <\/a>\n        <\/div>\n\t\t\t\t\t\t\t<\/div> \n\t\t\t\n        \n\t\t\t\t<div id=\"ngg-image-4\" class=\"ngg-gallery-thumbnail-box\" >\n\t\t\t\t        <div class=\"ngg-gallery-thumbnail\">\n            <a href=\"https:\/\/groupe-vocal-crescendo.fr\/wp-content\/gallery\/fandesannees80\/14062014-_dsc7670-e1432570293493.jpg\"\n               title=\"\"\n               data-src=\"https:\/\/groupe-vocal-crescendo.fr\/wp-content\/gallery\/fandesannees80\/14062014-_dsc7670-e1432570293493.jpg\"\n               data-thumbnail=\"https:\/\/groupe-vocal-crescendo.fr\/wp-content\/gallery\/fandesannees80\/thumbs\/thumbs_14062014-_dsc7670-e1432570293493.jpg\"\n               data-image-id=\"85\"\n               data-title=\"14062014-_dsc7670-e1432570293493\"\n               data-description=\"\"\n               data-image-slug=\"14062014-_dsc7670-e1432570293493-1\"\n               class=\"ngg-fancybox\" rel=\"2a665d854c1c4c2da78133c27e552b1d\">\n                <img\n                    title=\"14062014-_dsc7670-e1432570293493\"\n                    alt=\"14062014-_dsc7670-e1432570293493\"\n                    src=\"https:\/\/groupe-vocal-crescendo.fr\/wp-content\/gallery\/fandesannees80\/thumbs\/thumbs_14062014-_dsc7670-e1432570293493.jpg\"\n                    width=\"240\"\n                    height=\"160\"\n                    style=\"max-width:100%;\"\n                \/>\n            <\/a>\n        <\/div>\n\t\t\t\t\t\t\t<\/div> \n\t\t\t\n        \n\t\t\t\t<div id=\"ngg-image-5\" class=\"ngg-gallery-thumbnail-box\" >\n\t\t\t\t        <div class=\"ngg-gallery-thumbnail\">\n            <a href=\"https:\/\/groupe-vocal-crescendo.fr\/wp-content\/gallery\/fandesannees80\/14062014-_dsc7696-e1432570346599.jpg\"\n               title=\"\"\n               data-src=\"https:\/\/groupe-vocal-crescendo.fr\/wp-content\/gallery\/fandesannees80\/14062014-_dsc7696-e1432570346599.jpg\"\n               data-thumbnail=\"https:\/\/groupe-vocal-crescendo.fr\/wp-content\/gallery\/fandesannees80\/thumbs\/thumbs_14062014-_dsc7696-e1432570346599.jpg\"\n               data-image-id=\"86\"\n               data-title=\"14062014-_dsc7696-e1432570346599\"\n               data-description=\"\"\n               data-image-slug=\"14062014-_dsc7696-e1432570346599-1\"\n               class=\"ngg-fancybox\" rel=\"2a665d854c1c4c2da78133c27e552b1d\">\n                <img\n                    title=\"14062014-_dsc7696-e1432570346599\"\n                    alt=\"14062014-_dsc7696-e1432570346599\"\n                    src=\"https:\/\/groupe-vocal-crescendo.fr\/wp-content\/gallery\/fandesannees80\/thumbs\/thumbs_14062014-_dsc7696-e1432570346599.jpg\"\n                    width=\"240\"\n                    height=\"160\"\n                    style=\"max-width:100%;\"\n                \/>\n            <\/a>\n        <\/div>\n\t\t\t\t\t\t\t<\/div> \n\t\t\t\n        \n\t\t\n\t\t<!-- Pagination -->\n\t<div class='ngg-clear'><\/div>\t<\/div>\n\n","protected":false},"excerpt":{"rendered":"<p>Spectacle \u00ab&nbsp;Fan des ann\u00e9es 80&nbsp;\u00bb Ce spectacle invitait les spectateurs \u00e0 participer \u00e0 l\u2019enregistrement d\u2019une \u00e9mission de vari\u00e9t\u00e9 des ann\u00e9es 80. Il ne manquait rien pour que l\u2019illusion soit parfaite&nbsp;: il y a les cam\u00e9ramans, les pr\u00e9sentateurs, le chauffeur de salle\u2026. Et c\u2019\u00e9tait parti pour un show de 2h&nbsp;! &nbsp; &nbsp; &#8221; order_by=&#8221;sortorder&#8221; order_direction=&#8221;ASC&#8221; returns=&#8221;included&#8221; &hellip;<\/p>\n<p class=\"read-more\"> <a class=\"\" href=\"https:\/\/groupe-vocal-crescendo.fr\/?page_id=63\"> <span class=\"screen-reader-text\">Fan des ann\u00e9es 80<\/span> Lire la suite\u00a0\u00bb<\/a><\/p>\n","protected":false},"author":1,"featured_media":0,"parent":224,"menu_order":2,"comment_status":"closed","ping_status":"open","template":"","meta":{"ngg_post_thumbnail":0,"footnotes":""},"_links":{"self":[{"href":"https:\/\/groupe-vocal-crescendo.fr\/index.php?rest_route=\/wp\/v2\/pages\/63"}],"collection":[{"href":"https:\/\/groupe-vocal-crescendo.fr\/index.php?rest_route=\/wp\/v2\/pages"}],"about":[{"href":"https:\/\/groupe-vocal-crescendo.fr\/index.php?rest_route=\/wp\/v2\/types\/page"}],"author":[{"embeddable":true,"href":"https:\/\/groupe-vocal-crescendo.fr\/index.php?rest_route=\/wp\/v2\/users\/1"}],"replies":[{"embeddable":true,"href":"https:\/\/groupe-vocal-crescendo.fr\/index.php?rest_route=%2Fwp%2Fv2%2Fcomments&post=63"}],"version-history":[{"count":2,"href":"https:\/\/groupe-vocal-crescendo.fr\/index.php?rest_route=\/wp\/v2\/pages\/63\/revisions"}],"predecessor-version":[{"id":756,"href":"https:\/\/groupe-vocal-crescendo.fr\/index.php?rest_route=\/wp\/v2\/pages\/63\/revisions\/756"}],"up":[{"embeddable":true,"href":"https:\/\/groupe-vocal-crescendo.fr\/index.php?rest_route=\/wp\/v2\/pages\/224"}],"wp:attachment":[{"href":"https:\/\/groupe-vocal-crescendo.fr\/index.php?rest_route=%2Fwp%2Fv2%2Fmedia&parent=63"}],"curies":[{"name":"wp","href":"https:\/\/api.w.org\/{rel}","templated":true}]}}