{"id":60,"date":"2015-05-26T14:34:10","date_gmt":"2015-05-26T13:34:10","guid":{"rendered":"https:\/\/groupevocalcrescendo.wordpress.com\/?page_id=60"},"modified":"2015-05-26T14:34:10","modified_gmt":"2015-05-26T13:34:10","slug":"historique","status":"publish","type":"page","link":"https:\/\/groupe-vocal-crescendo.fr\/?page_id=60","title":{"rendered":"Historique"},"content":{"rendered":"<p>Le Groupe Vocal Crescendo est n\u00e9 en 1992. Il est compos\u00e9 d\u2019une quarantaine de choristes dirig\u00e9s par Alain DALSTEIN, chef de ch\u0153ur.<\/p>\n<p>Depuis 1998 le groupe pr\u00e9sente des spectacles \u00e0 th\u00e8me en privil\u00e9giant le chant sans partition, agr\u00e9ment\u00e9 de chor\u00e9graphie.<\/p>\n<p>Les spectacles sont pr\u00e9par\u00e9s sur une p\u00e9riode de 2 ans, pendant lesquels nous apprenons les chants, les chor\u00e9graphies, nous cr\u00e9ons les d\u00e9cors et mises en sc\u00e8nes<\/p>\n<p>Le premier spectacle fut \u00ab\u00a0les ann\u00e9es 60\u00a0\u00bb, suivi en 1998 par \u00ab\u00a0Les vacances\u00a0\u00bb, \u00ab\u00a0Un si\u00e8cle de chansons\u00a0\u00bb en 2000, \u00ab\u00a0Crescendo fait son cin\u00e9ma\u00a0\u00bb en 2002, \u00ab\u00a0Chante la vie, chante\u00a0\u00bb en 2004, \u00ab\u00a0d\u2019un continent \u00e0 l\u2019autre\u00a0\u00bb en 2006, \u00ab\u00a0C\u2019est quoi ton pr\u00e9nom\u00a0\u00bb en 2008, \u00ab\u00a0Chante et mets tes baskets\u00a0\u00bb en 2010 et \u00ab\u00a0Crescendo f\u00eate ses 20 ans\u00a0\u00bb en 2012.<\/p>\n<p>Depuis 2004, quelques choristes ont particip\u00e9 \u00e0 l\u2019\u00e9mission \u00ab\u00a0Les 500 Choristes\u00a0\u00bb de TF1 et aux \u00ab\u00a02000 choristes\u00a0\u00bb sur la sc\u00e8ne du Galaxie.<\/p>\n<p>A partir de 2006, le groupe a particip\u00e9 \u00e0 la grande aventure de la com\u00e9die musicale \u00ab\u00a0La Partition\u00a0\u00bb avec les chorales Ch\u0153ur en Port\u00e9e d\u2019Arlon, le Tourdion de Metz, l\u2019Harmonie de Bouzonville ainsi que 7 solistes. Ce spectacle a \u00e9t\u00e9 pr\u00e9sent\u00e9 2 fois \u00e0 Bouzonville, \u00e0 l\u2019Arsenal de Metz, au centre culturel d\u2019Arlon et au Galaxie d\u2019Amn\u00e9ville en f\u00e9vrier 2009.<\/p>\n<p>En 2007, la Klanwelle aura \u00e9galement \u00e9t\u00e9 un moment m\u00e9morable pour le groupe o\u00f9 800 choristes sarrois, mosellans et luxembourgeois ont uni leurs voix sur les boucles de la Sarre.<\/p>\n","protected":false},"excerpt":{"rendered":"<p>Le Groupe Vocal Crescendo est n\u00e9 en 1992. Il est compos\u00e9 d\u2019une quarantaine de choristes dirig\u00e9s par Alain DALSTEIN, chef de ch\u0153ur. Depuis 1998 le groupe pr\u00e9sente des spectacles \u00e0 th\u00e8me en privil\u00e9giant le chant sans partition, agr\u00e9ment\u00e9 de chor\u00e9graphie. Les spectacles sont pr\u00e9par\u00e9s sur une p\u00e9riode de 2 ans, pendant lesquels nous apprenons les &hellip;<\/p>\n<p class=\"read-more\"> <a class=\"\" href=\"https:\/\/groupe-vocal-crescendo.fr\/?page_id=60\"> <span class=\"screen-reader-text\">Historique<\/span> Lire la suite\u00a0\u00bb<\/a><\/p>\n","protected":false},"author":1,"featured_media":0,"parent":379,"menu_order":0,"comment_status":"closed","ping_status":"open","template":"","meta":{"ngg_post_thumbnail":0,"footnotes":""},"_links":{"self":[{"href":"https:\/\/groupe-vocal-crescendo.fr\/index.php?rest_route=\/wp\/v2\/pages\/60"}],"collection":[{"href":"https:\/\/groupe-vocal-crescendo.fr\/index.php?rest_route=\/wp\/v2\/pages"}],"about":[{"href":"https:\/\/groupe-vocal-crescendo.fr\/index.php?rest_route=\/wp\/v2\/types\/page"}],"author":[{"embeddable":true,"href":"https:\/\/groupe-vocal-crescendo.fr\/index.php?rest_route=\/wp\/v2\/users\/1"}],"replies":[{"embeddable":true,"href":"https:\/\/groupe-vocal-crescendo.fr\/index.php?rest_route=%2Fwp%2Fv2%2Fcomments&post=60"}],"version-history":[{"count":0,"href":"https:\/\/groupe-vocal-crescendo.fr\/index.php?rest_route=\/wp\/v2\/pages\/60\/revisions"}],"up":[{"embeddable":true,"href":"https:\/\/groupe-vocal-crescendo.fr\/index.php?rest_route=\/wp\/v2\/pages\/379"}],"wp:attachment":[{"href":"https:\/\/groupe-vocal-crescendo.fr\/index.php?rest_route=%2Fwp%2Fv2%2Fmedia&parent=60"}],"curies":[{"name":"wp","href":"https:\/\/api.w.org\/{rel}","templated":true}]}}

<p>Le Groupe Vocal Crescendo est né en 1992. Il est composé d’une quarantaine de choristes dirigés par Alain DALSTEIN, chef de chœur.</p>
<p>Depuis 1998 le groupe présente des spectacles à thème en privilégiant le chant sans partition, agrémenté de chorégraphie.</p>
<p>Les spectacles sont préparés sur une période de 2 ans, pendant lesquels nous apprenons les chants, les chorégraphies, nous créons les décors et mises en scènes</p>
<p>Le premier spectacle fut « les années 60 », suivi en 1998 par « Les vacances », « Un siècle de chansons » en 2000, « Crescendo fait son cinéma » en 2002, « Chante la vie, chante » en 2004, « d’un continent à l’autre » en 2006, « C’est quoi ton prénom » en 2008, « Chante et mets tes baskets » en 2010 et « Crescendo fête ses 20 ans » en 2012.</p>
<p>Depuis 2004, quelques choristes ont participé à l’émission « Les 500 Choristes » de TF1 et aux « 2000 choristes » sur la scène du Galaxie.</p>
<p>A partir de 2006, le groupe a participé à la grande aventure de la comédie musicale « La Partition » avec les chorales Chœur en Portée d’Arlon, le Tourdion de Metz, l’Harmonie de Bouzonville ainsi que 7 solistes. Ce spectacle a été présenté 2 fois à Bouzonville, à l’Arsenal de Metz, au centre culturel d’Arlon et au Galaxie d’Amnéville en février 2009.</p>
<p>En 2007, la Klanwelle aura également été un moment mémorable pour le groupe où 800 choristes sarrois, mosellans et luxembourgeois ont uni leurs voix sur les boucles de la Sarre.</p>

<p>Le Groupe Vocal Crescendo est né en 1992. Il est composé d’une quarantaine de choristes dirigés par Alain DALSTEIN, chef de chœur. Depuis 1998 le groupe présente des spectacles à thème en privilégiant le chant sans partition, agrémenté de chorégraphie. Les spectacles sont préparés sur une période de 2 ans, pendant lesquels nous apprenons les &hellip;</p>
<p class="read-more"> <a class="" href="https://groupe-vocal-crescendo.fr/?page_id=60"> <span class="screen-reader-text">Historique</span> Lire la suite »</a></p>
