{"id":379,"date":"2015-05-25T14:55:11","date_gmt":"2015-05-25T12:55:11","guid":{"rendered":"https:\/\/groupevocalcrescendo.wordpress.com\/?page_id=13"},"modified":"2019-05-04T19:13:15","modified_gmt":"2019-05-04T17:13:15","slug":"legroupevocal","status":"publish","type":"page","link":"https:\/\/groupe-vocal-crescendo.fr\/?page_id=379","title":{"rendered":"Le groupe vocal"},"content":{"rendered":"<div id='gallery-1' class='gallery galleryid-379 gallery-columns-3 gallery-size-large'><figure class='gallery-item'>\n\t\t\t<div class='gallery-icon landscape'>\n\t\t\t\t<a href='https:\/\/groupe-vocal-crescendo.fr\/?attachment_id=72'><img loading=\"lazy\" decoding=\"async\" width=\"750\" height=\"380\" src=\"https:\/\/groupe-vocal-crescendo.fr\/wp-content\/uploads\/2015\/06\/photo-crescendo-d-e1433311191953.jpg\" class=\"attachment-large size-large\" alt=\"\" srcset=\"https:\/\/groupe-vocal-crescendo.fr\/wp-content\/uploads\/2015\/06\/photo-crescendo-d-e1433311191953.jpg 750w, https:\/\/groupe-vocal-crescendo.fr\/wp-content\/uploads\/2015\/06\/photo-crescendo-d-e1433311191953-300x152.jpg 300w\" sizes=\"(max-width: 750px) 100vw, 750px\" \/><\/a>\n\t\t\t<\/div><\/figure><figure class='gallery-item'>\n\t\t\t<div class='gallery-icon landscape'>\n\t\t\t\t<a href='https:\/\/groupe-vocal-crescendo.fr\/?attachment_id=134'><img loading=\"lazy\" decoding=\"async\" width=\"646\" height=\"406\" src=\"https:\/\/groupe-vocal-crescendo.fr\/wp-content\/uploads\/2015\/10\/capture-d_ecc81cran-2015-10-23-acc80-15-45-29.png\" class=\"attachment-large size-large\" alt=\"\" srcset=\"https:\/\/groupe-vocal-crescendo.fr\/wp-content\/uploads\/2015\/10\/capture-d_ecc81cran-2015-10-23-acc80-15-45-29.png 646w, https:\/\/groupe-vocal-crescendo.fr\/wp-content\/uploads\/2015\/10\/capture-d_ecc81cran-2015-10-23-acc80-15-45-29-300x189.png 300w\" sizes=\"(max-width: 646px) 100vw, 646px\" \/><\/a>\n\t\t\t<\/div><\/figure>\n\t\t<\/div>\n\n<p>Le groupe vocal crescendo est avant tout un groupe de copains qui partagent le plaisir de chanter ensemble, l\u2019amiti\u00e9 et la bonne humeur.<\/p>\n<p>Ils initient leurs passions autour de la cr\u00e9ation de spectacles originaux qui m\u00ealent chants, et mise en sc\u00e8ne soign\u00e9e.<\/p>\n<p>Vibrez au gr\u00e9 de leur fantaisie !<\/p>\n<hr>\n<p>Contact :<\/p>\n<p>eMail : contact@groupe-vocal-crescendo.fr<\/p>\n","protected":false},"excerpt":{"rendered":"<p>Le groupe vocal crescendo est avant tout un groupe de copains qui partagent le plaisir de chanter ensemble, l\u2019amiti\u00e9 et la bonne humeur. Ils initient leurs passions autour de la cr\u00e9ation de spectacles originaux qui m\u00ealent chants, et mise en sc\u00e8ne soign\u00e9e. Vibrez au gr\u00e9 de leur fantaisie ! Contact : eMail : contact@groupe-vocal-crescendo.fr<\/p>\n","protected":false},"author":1,"featured_media":0,"parent":0,"menu_order":3,"comment_status":"closed","ping_status":"closed","template":"","meta":{"ngg_post_thumbnail":0,"footnotes":""},"_links":{"self":[{"href":"https:\/\/groupe-vocal-crescendo.fr\/index.php?rest_route=\/wp\/v2\/pages\/379"}],"collection":[{"href":"https:\/\/groupe-vocal-crescendo.fr\/index.php?rest_route=\/wp\/v2\/pages"}],"about":[{"href":"https:\/\/groupe-vocal-crescendo.fr\/index.php?rest_route=\/wp\/v2\/types\/page"}],"author":[{"embeddable":true,"href":"https:\/\/groupe-vocal-crescendo.fr\/index.php?rest_route=\/wp\/v2\/users\/1"}],"replies":[{"embeddable":true,"href":"https:\/\/groupe-vocal-crescendo.fr\/index.php?rest_route=%2Fwp%2Fv2%2Fcomments&post=379"}],"version-history":[{"count":2,"href":"https:\/\/groupe-vocal-crescendo.fr\/index.php?rest_route=\/wp\/v2\/pages\/379\/revisions"}],"predecessor-version":[{"id":736,"href":"https:\/\/groupe-vocal-crescendo.fr\/index.php?rest_route=\/wp\/v2\/pages\/379\/revisions\/736"}],"wp:attachment":[{"href":"https:\/\/groupe-vocal-crescendo.fr\/index.php?rest_route=%2Fwp%2Fv2%2Fmedia&parent=379"}],"curies":[{"name":"wp","href":"https:\/\/api.w.org\/{rel}","templated":true}]}}

<div id='gallery-1' class='gallery galleryid-379 gallery-columns-3 gallery-size-large'><figure class='gallery-item'>
			<div class='gallery-icon landscape'>
				<a href='https://groupe-vocal-crescendo.fr/?attachment_id=72'><img loading="lazy" decoding="async" width="750" height="380" src="https://groupe-vocal-crescendo.fr/wp-content/uploads/2015/06/photo-crescendo-d-e1433311191953.jpg" class="attachment-large size-large" alt="" srcset="https://groupe-vocal-crescendo.fr/wp-content/uploads/2015/06/photo-crescendo-d-e1433311191953.jpg 750w, https://groupe-vocal-crescendo.fr/wp-content/uploads/2015/06/photo-crescendo-d-e1433311191953-300x152.jpg 300w" sizes="(max-width: 750px) 100vw, 750px" /></a>
			</div></figure><figure class='gallery-item'>
			<div class='gallery-icon landscape'>
				<a href='https://groupe-vocal-crescendo.fr/?attachment_id=134'><img loading="lazy" decoding="async" width="646" height="406" src="https://groupe-vocal-crescendo.fr/wp-content/uploads/2015/10/capture-d_ecc81cran-2015-10-23-acc80-15-45-29.png" class="attachment-large size-large" alt="" srcset="https://groupe-vocal-crescendo.fr/wp-content/uploads/2015/10/capture-d_ecc81cran-2015-10-23-acc80-15-45-29.png 646w, https://groupe-vocal-crescendo.fr/wp-content/uploads/2015/10/capture-d_ecc81cran-2015-10-23-acc80-15-45-29-300x189.png 300w" sizes="(max-width: 646px) 100vw, 646px" /></a>
			</div></figure>
		</div>

<p>Le groupe vocal crescendo est avant tout un groupe de copains qui partagent le plaisir de chanter ensemble, l’amitié et la bonne humeur.</p>
<p>Ils initient leurs passions autour de la création de spectacles originaux qui mêlent chants, et mise en scène soignée.</p>
<p>Vibrez au gré de leur fantaisie !</p>
<hr>
<p>Contact :</p>
<p>eMail : contact@groupe-vocal-crescendo.fr</p>

<p>Le groupe vocal crescendo est avant tout un groupe de copains qui partagent le plaisir de chanter ensemble, l’amitié et la bonne humeur. Ils initient leurs passions autour de la création de spectacles originaux qui mêlent chants, et mise en scène soignée. Vibrez au gré de leur fantaisie ! Contact : eMail : contact@groupe-vocal-crescendo.fr</p>
